In base 14, what is -3 + 455?
452
In base 15, what is -3 - 1c0?
-1c3
In base 4, what is 301 - 113?
122
In base 3, what is 100211 + 11?
100222
In base 2, what is 110000011 - 0?
110000011
In base 11, what is -7 + 29?
22
In base 2, what is -1000 - -101?
-11
In base 2, what is -11 + 1000010000?
1000001101
In base 9, what is -2 - 47?
-50
In base 7, what is -5 + -142?
-150
In base 14, what is -17 + -2c?
-45
In base 6, what is -315 - 4?
-323
In base 10, what is 794 + -4?
790
In base 10, what is 21 - -5?
26
In base 12, what is -5 - 7ba?
-803
In base 4, what is 12 + -120130?
-120112
In base 2, what is -11010101 + 0?
-11010101
In base 8, what is 25 + 364?
411
In base 13, what is 0 + 15b?
15b
In base 11, what is -33 + -7?
-3a
In base 12, what is -20 - -7?
-15
In base 11, what is -12 + 2?
-10
In base 5, what is 132 - -3?
140
In base 12, what is 7381 - -3?
7384
In base 12, what is 523 + -6?
519
In base 7, what is -356 + -4?
-363
In base 3, what is 1 - -2021?
2022
In base 4, what is -10122 + -23?
-10211
In base 5, what is 0 + 13031?
13031
In base 2, what is 101001110 + -111?
101000111
In base 9, what is -3364 - 12?
-3376
In base 10, what is 933 + 1?
934
In base 15, what is -5 - -8a9?
8a4
In base 8, what is 3 - -145?
150
In base 13, what is a1 + -7?
97
In base 2, what is -1 - 1001001010011?
-1001001010100
In base 12, what is 272 + 14?
286
In base 14, what is -2 + 25?
23
In base 5, what is 10 - 134?
-124
In base 12, what is 5 - 116?
-111
In base 3, what is -2 - 21?
-100
In base 5, what is -30 - -214?
134
In base 5, what is 30 + -20?
10
In base 7, what is 31 + -1612?
-1551
In base 7, what is -3 - -4?
1
In base 16, what is 1 - -38?
39
In base 13, what is -413 + -4?
-417
In base 6, what is 5 + 2213?
2222
In base 5, what is -2 + 11?
4
In base 2, what is -10110 + -100?
-11010
In base 16, what is 2a + 8?
32
In base 16, what is -2ac - 1?
-2ad
In base 16, what is -9 - 18?
-21
In base 3, what is -2121 - 12?
-2210
In base 3, what is 1002 + -20?
212
In base 13, what is -3 - -135?
132
In base 14, what is da + b?
107
In base 9, what is 111 - -2?
113
In base 13, what is -24 - -9?
-18
In base 13, what is 4 + 4c?
53
In base 13, what is -193 - 4?
-197
In base 2, what is 0 + 10?
10
In base 15, what is 94 + e?
a3
In base 11, what is -2a8 - 2?
-2aa
In base 9, what is -1602 + 0?
-1602
In base 5, what is -3432 + 1?
-3431
In base 8, what is -100 + 0?
-100
In base 10, what is 23 - -4?
27
In base 2, what is -111000110001 + 100?
-111000101101
In base 8, what is -173 + -2?
-175
In base 4, what is 20 + -321?
-301
In base 2, what is 1010110000 - 100?
1010101100
In base 13, what is 324 + -2?
322
In base 15, what is 0 + 116?
116
In base 10, what is -7 - 4?
-11
In base 8, what is -2510 + 1?
-2507
In base 8, what is -4073 + 1?
-4072
In base 7, what is 13145 - -2?
13150
In base 14, what is 7aa5 - 2?
7aa3
In base 7, what is -4564 - 0?
-4564
In base 4, what is -20103 + 3?
-20100
In base 8, what is -127 + -3?
-132
In base 10, what is -2 + 22?
20
In base 15, what is -14d0 - 1?
-14d1
In base 9, what is -413 + -5?
-418
In base 4, what is -3 + 2210?
2201
In base 10, what is 3963 + -4?
3959
In base 12, what is 16 + -18?
-2
In base 11, what is 1 - -3a?
40
In base 5, what is 2 + -321?
-314
In base 4, what is -203222 + -3?
-203231
In base 10, what is 16 + -148?
-132
In base 2, what is -1000110 + -110010?
-1111000
In base 2, what is 10010111 + -11?
10010100
In base 5, what is 0 - 1024?
-1024
In base 3, what is 212 - -1?
220
In base 13, what is 1 + -45?
-44
In base 9, what is -1753 - 4?
-1757
In base 3, what is 20 + -121?
-101
In base 5, what is 2441 + -10?
2431
In base 12, what is -36a + -5?
-373
In base 16, what is -3 + -b?
-e
In base 4, what is -220 + 3?
-211
In base 2, what is 10110 + -11?
10011
In base 11, what is -7 + 248?
241
In base 15, what is -44 - 2?
-46
In base 8, what is 6 - -71?
77
In base 11, what is -22 - -68?
46
In base 16, what is -26 + 2?
-24
In base 9, what is -7112 + -4?
-7116
In base 16, what is 25 + 6?
2b
In base 10, what is -4 + -6858?
-6862
In base 7, what is -212 + 15?
-164
In base 7, what is -513 + 4?
-506
In base 11, what is -2 - 1?
-3
In base 4, what is -230 - 213?
-1103
In base 13, what is 3 + 2ab?
2b1
In base 13, what is 7 - -88?
92
In base 5, what is 422 - -10?
432
In base 5, what is 114 + 2223?
2342
In base 9, what is -44 - 23?
-67
In base 13, what is 203 + 2a?
230
In base 16, what is -4c3 + 5?
-4be
In base 5, what is -1 + -14103?
-14104
In base 13, what is 594 + -5?
58c
In base 5, what is -3 + -2322?
-2330
In base 15, what is -2 - -17?
15
In base 15, what is 3 - -d?
11
In base 9, what is -57 - 200?
-257
In base 6, what is -3 + 343?
340
In base 10, what is 0 - 90?
-90
In base 14, what is -17 - -6?
-11
In base 14, what is 2c9 + 3?
2cc
In base 11, what is 3 - 3708?
-3705
In base 12, what is -3 - -19?
16
In base 16, what is f1 + -18?
d9
In base 6, what is 34 - 30?
4
In base 5, what is 1300 - -31?
1331
In base 6, what is -441 - 5?
-450
In base 14, what is -2357 + -4?
-235b
In base 14, what is 0 + 161c?
161c
In base 4, what is 3 + 100010?
100013
In base 10, what is 4 + 17?
21
In base 2, what is -110 + 111010?
110100
In base 9, what is -180 + -5?
-185
In base 16, what is 0 - -33f?
33f
In base 5, what is 2 - -11322?
11324
In base 7, what is 12 + -4?
5
In base 9, what is -44 - -5?
-38
In base 4, what is 1 - 333?
-332
In base 13, what is 860 + -3?
85a
In base 15, what is -9 + da?
d1
In base 6, what is -5 + -40300?
-40305
In base 16, what is -469 + 0?
-469
In base 11, what is -a71 - -4?
-a68
In base 4, what is -3211 - 212?
-10023
In base 15, what is 23 + -b?
17
In base 6, what is -15 + -343?
-402
In base 13, what is -3 + -11?
-14
In base 14, what is 128 + -2?
126
In base 6, what is 5213 - -4?
5221
In base 4, what is 3 + -10?
-1
In base 13, what is a + 7?
14
In base 2, what is 10 - 110110?
-110100
In base 15, what is 5 - -1e?
24
In base 6, what is -225 - 10?
-235
In base 11, what is -12 + 18?
6
In base 15, what is 257 + 5?
25c
In base 13, what is 5 + -40?
-38
In base 3, what is -10220 - -22?
-10121
In base 10, what is -97 + -5?
-102
In base 16, what is 4 + 30?
34
In base 2, what is 1000011010010 - -101?
1000011010111
In base 3, what is -101021 + -211?
-102002
In base 12, what is -8 - -454?
448
In base 7, what is -132 - -4?
-125
In base 3, what is -100000 + -202?
-100202
In base 4, what is 101 + -10?
31
In base 2, what is 10111111 + -1?
10111110
In base 4, what is -3233 + 11?
-3222
In base 15, what is d7 + -2?
d5
In base 14, what is 2 + 16d0?
16d2
In base 11, what is 34a2 + 1?
34a3
In base 5, what is 1 + 12343?
12344
In base 9, what is -18 + -554?
-573
In base 5, what is -30200 - -10?
-30140
In base 4, what is -1 + 30311?
30310
In base 13, what is 3 + -28?
-25
In base 11, what is -155 + -2?
-157
In base 4, what is 11 - -22011?
22022
In base 7, what is -3523 + -5?
-3531
In base 5, what is 11441 + -10?
11431
In base 15, what is a - -e8?
103
In base 6, what is -103 - -150?
43
In base 7, what is 4 - 136?
-132
In base 13, what is 2c + -66?
-37
In base 3, what is -1002111 + 0?
-1002111
In base 16, what is -4 + -1b6?
-1ba
In base 9, what is 3 + -1884?
-1881
In base 15, what is -b7 + -c?
-c4
In base 15, what is 5 - -2a?
30
In base 5, what is 402 + 422?
1324
In base 14, what is -1b92 - 3?
-1b95
In base 3, what is 2021 + 2?
2100
In base 7, what is 1052 + 24?
1106
In base 7, what is -15 - -422?
404
In base 11, what is -63 + 86?
23
In base 15, what is -2 + e6?
e4
In base 11, what is -2417 + -2?
-2419
In base 11, what is -1 + 3a2?
3a1
In base 14, what is 2d - 141?
-112
In base 10, what is 219 - -17?
236
In base 5, what is -4101 - -4?
-4042
In base 12, what is -1103 + -5?
-1108
In base 15, what is -2 - d?
-10
In base 5, what is 24 - -13?
42
In base 3, what is 2 + -222?
-220
In base 16, what is 38b9 + 0?
38b9
In base 13, what is -38c + -2?
-391
In base 7, what is -16 - 10?
-26
In base 4, what is -1322103 + -3?
-1322112
In base 3, what is -12 - 121020?
-121102
In base 6, what is -23242 + 1?
-23241
In base 6, what is 1354 + -4?
1350
In base 5, what is -4343 + -4?
-4402
In base 5, what is 1404 + 4?
1413
In base 15, what is 4c + -1eb?
-19e
In base 10, what is -23 - 11?
-34
In base 6, what is -152 - 1?
-153
In base 6, what is -4 - 41?
-45
In base 16, what is -5 - -12e?
129
In base 2, what is 101100 